n*j - 32. Calculate the greatest common factor of j and 72.
8
Let i be (24/(-32))/(1/24). Let w = -9 - i. Suppose 5*s + 1 - 13 = a, 3*a = s + 6. What is the greatest common divisor of s and w?
3
Suppose n = -5*r + 2331, -6*n + 4732 = -4*n - 4*r. What is the highest common factor of n and 76?
76
Let h be 2/(-5) + (-1024)/(-10). Let l = 1003 + -969. What is the greatest common factor of l and h?
34
Let i = -9 - -8. Let r = i - -3. Suppose 0 = -r*w - 4*f + 20, 0*w + 42 = 3*w + 2*f. What is the greatest common divisor of w and 16?
16
Let c be (-1082)/16 + 18/(-48). Let g = c + 70. Calculate the highest common divisor of g and 6.
2
Let z(j) = -3*j - 20. Let h be z(-7). Let w be h + ((-29)/(-3) - (-2)/(-3)). What is the highest common divisor of w and 10?
10
Let p(u) be the second derivative of -u**2 - 4*u + 0 + 17/3*u**3. Let f be p(2). What is the highest common divisor of f and 44?
22
Let x(j) = 7*j - 10. Let n be x(2). Let h(z) = -z**2 - 7*z - 6. Let s be h(-6). Let u be 22/2 + s + 1. What is the highest common factor of u and n?
4
Suppose 254 = 16*f - 322. Calculate the greatest common divisor of 48 and f.
12
Let r be (-2)/(-8) + (-7)/28. Let h be (48/15)/(r - (-4)/110). Suppose a - 1 - 18 = -2*s, -3*a - 9 = 0. Calculate the highest common factor of h and s.
11
Let v be 1*3/(-3)*-1. Let i be v + 4 + 9/3. What is the highest common factor of 12 and i?
4
Let j be 8/6 + 148/6. Let w = j + -21. Suppose 100 - 10 = w*b. What is the greatest common factor of b and 12?
6
Suppose 0 = 5*c - 11 + 1. Let f = 3 + 21. Suppose 0 = -4*s + 3*u + f - 6, 11 = 3*s - u. Calculate the greatest common factor of c and s.
1
Let u = -7 - -10. Suppose -u*p + 0*p = -t - 175, 5*t = 25. Suppose 2*k - 26 = 2*x, 0 = -2*x - 4 + 2. Calculate the greatest common divisor of k and p.
12
Let o(m) = m**2 - 6*m + 5. Let r be o(6). Suppose -r*b + 61 = 11. Let y = -1181 + 1271. What is the greatest common factor of y and b?
10
Suppose 3*i - 2*i = -1, -757 = -5*q - 3*i. Let j = -148 - -186. What is the greatest common divisor of j and q?
38
Suppose 2*a = 5*y - 132, -a + 16 = 3*a. Suppose -4*i + 0 = -y. What is the greatest common factor of 56 and i?
7
Let h(m) = -m**2 + m + 6. Let i be h(3). Suppose i*v = 3*v - 30. Suppose -v = -3*u + 2. Calculate the highest common divisor of u and 36.
4
Suppose 4*n - 114 = -38. Suppose -q - 5*g + n = 0, 3*q = 6*q - 4*g. Let p(m) = -4*m + 28. Let f be p(6). Calculate the greatest common divisor of f and q.
4
Let q be (-107)/((5/(-6))/((-80)/(-48))). What is the greatest common divisor of q and 1177?
107
Suppose 3*l - 2*z = l + 12, 5*z = -4*l + 24. Let y be (0 + 1)/(4/60). What is the greatest common factor of l and y?
3
Let p(m) = -13*m + 174. Let o be p(0). Calculate the greatest common factor of o and 58.
58
Let h be (-24)/84 - 3*(-36)/(-14). Let p(y) = -y**3 - 3*y**2 + 2*y + 4. Let g be p(h). Calculate the highest common factor of g and 44.
44
Let z(u) = u**3 + 5*u**2 - u - 2. Let a be z(-5). Suppose 4*t = a*t - 20. Let b = -1 - t. Calculate the greatest common divisor of b and 152.
19
Suppose 7*r + 2*p - 136 = 2*r, -2*r + 52 = 2*p. What is the highest common divisor of 16 and r?
4
Let q(r) = -5*r + 52. Let u be q(-13). Calculate the highest common factor of u and 13.
13
Suppose -2*l + 5*v = -1183, -v = 2*l - 1204 + 39. What is the greatest common factor of 73 and l?
73
Suppose -3 - 1 = -4*c. Suppose 6*w = 263 - 95. Let o = -27 + w. What is the greatest common divisor of c and o?
1
Let r = 777 + -747. What is the highest common divisor of r and 12?
6
Let v be -1 + (0 - 2)*-3. Let o be 1155/33 - (-1 + 1 + 0). What is the greatest common divisor of v and o?
5
Suppose 3*d - 5*y - 381 = -26, 3*y + 581 = 5*d. What is the highest common divisor of 92 and d?
23
Suppose -429 = 3*l - 4*k, -7*l + 10*l - 2*k = -423. Let h = 158 + l. Let r be (2 + -21)/((-2)/6). Calculate the highest common factor of h and r.
19
Suppose 0 = -8*o - 0*o + 360. Let v = 3 + -1. Suppose v*d - o + 3 = 0. What is the highest common factor of 3 and d?
3
Suppose 0 = -4*l - 2*q + 8, -7 = -3*l - 0*l - q. Let j = -28 + 40. Let t(k) = -2*k**2 + 25*k - 3. Let y be t(j). What is the highest common divisor of y and l?
3
Let l be 1/((-2 + 5)/75). What is the greatest common divisor of 125 and l?
25
Let t(c) = c**2 + 10*c + 24. Let i(f) = -f**2 - 10*f - 25. Let k(m) = 6*i(m) + 7*t(m). Let u be k(-12). What is the highest common divisor of 336 and u?
42
Suppose 0 = -3*g + z + 36 + 244, 4*z + 16 = 0. Calculate the greatest common factor of g and 23.
23
Suppose -p = p. Suppose 14 + p = 3*y + 5*v, -2*y - 4*v + 8 = 0. Let x(o) = 6*o + 4. Let k be x(y). Calculate the highest common factor of 13 and k.
13
Let b = -24 + 39. Let c be b/10*2 + -5. Let g be c/(-16) + (-135)/(-8). What is the greatest common divisor of g and 136?
17
Let v = 58 + -55. Suppose 5*q - 242 = -v*r + 184, -4*q = 2*r - 340. Calculate the highest common factor of 12 and q.
12
Let f = -6 + -12. Let o be 1/((-26)/9 - -3). Let n be (f/4)/(o/(-60)). What is the greatest common factor of n and 75?
15
Let f(q) = -3*q**3 - q**2 - q. Let s be f(-2). Let i(w) = -w**2 - 6*w - 3. Let l be i(-5). What is the greatest common factor of s and l?
2
Let i(d) = -d**3 + 10*d**2 - 4*d + 12. Let o be i(8). Calculate the greatest common factor of 12 and o.
12
Let x = -11 + 17. What is the highest common divisor of x and 150?
6
Let w(o) = o**3 + 25*o**2 - 14*o - 49. Let t be w(-23). What is the highest common divisor of 22 and t?
11
Let t be 1264/12 - (-1)/(-3). Let f be t/20 + 3/(-12). Suppose -r + f = -0. Calculate the highest common factor of 55 and r.
5
Let k(c) = c**2 - c. Let i(z) = -53*z**2 - 6*z + 2. Let a(w) = -i(w) + 4*k(w). Let p = 134 - 133. Let y be a(p). What is the greatest common factor of 19 and y?
19
Let j be 574/(-8) - 8/32. Let w = -39 - j. Let h = 406 + -241. Calculate the greatest common factor of w and h.
33
Let m be (77/49)/(-11) - 4623/(-21). What is the highest common divisor of m and 30?
10
Let z(y) = 2*y**3 - 5*y**2 - 12*y + 30. Let n be z(4). Calculate the highest common divisor of n and 230.
10
Let k = -720 - -753. Calculate the highest common factor of 6 and k.
3
Suppose -2*i - 45 = -5*g - 0*g, 11 = 3*g + 2*i. Suppose 225 = 2*a + 17. Let t = -55 + a. What is the greatest common factor of t and g?
7
Let u(b) = 112*b**2 + 7*b - 7. Let r be u(1). What is the greatest common divisor of 7 and r?
7
Let x = -62 + 16. Let d be (-1)/(-8 + 5) + x/(-6). What is the greatest common divisor of d and 72?
8
Let p = 2 + -1. Let m be (26/(-22))/((-151)/1661). What is the greatest common factor of p and m?
1
Let f(g) = g**2 - 64 - 66 + 3*g + 127. Let c be f(-5). Calculate the greatest common divisor of c and 35.
7
Suppose 2*k = -f + 100, -4*k + 80 + 20 = f. Let h = 115 - f. What is the greatest common factor of h and 120?
15
Suppose -t + 5*t - 64 = 0. Let k = -86 + 126. Calculate the greatest common divisor of k and t.
8
Let h(u) = 100*u + 39. Let s be h(12). What is the greatest common divisor of 21 and s?
21
Let n = -861 + 989. Calculate the highest common divisor of n and 704.
64
Let w(z) = -230*z - 108. Let m be w(-3). What is the highest common divisor of 12 and m?
6
Let u = -150 - -449. What is the highest common factor of u and 26?
13
Suppose 2*c = -3*p + 1107, -5*p + 17*c = 16*c - 1845. Calculate the highest common divisor of 18 and p.
9
Let i = 5 - 3. Suppose -2*t = -3*v - 19, 2*t + 5*v = -i*t + 5. Let a be 36/30 - (-4)/t. Calculate the highest common divisor of a and 2.
2
Suppose -2*t - 58 = -f, -2*t + 0 = 8. Let d(h) = h**2 + 2*h + 12. Suppose -5*v - 6 - 14 = 0. Let c be d(v). What is the highest common factor of f and c?
10
Let g = 98 - 57. Let y = g + -40. Calculate the highest common factor of y and 3.
1
Suppose 3*w - w + 3*r = 1236, -3*w = -4*r - 1837. What is the greatest common divisor of 15 and w?
15
Let m(q) = 3*q + 215. Let y be m(-19). Calculate the highest common factor of 2 and y.
2
Let i(p) be the third derivative of -p**5/60 - 11*p**4/24 - 11*p**3/6 - 8*p**2. Let z be i(-6). Calculate the highest common divisor of z and 19.
19
Let s be -14*(-13)/10 - (-4)/(-20). Calculate the greatest common factor of s and 4.
2
Suppose -f = 10*p - 5*p - 350, 0 = 5*f - 2*p - 1804. Calculate the greatest common divisor of f and 45